{"id":1361,"date":"2021-05-10T21:01:05","date_gmt":"2021-05-10T19:01:05","guid":{"rendered":"https:\/\/www.helios.es\/club\/?post_type=product&#038;p=1361"},"modified":"2021-05-25T13:53:22","modified_gmt":"2021-05-25T11:53:22","slug":"una-actividad-cultural-para-dos-personas","status":"publish","type":"product","link":"https:\/\/www.helios.es\/club\/regalos\/una-actividad-cultural-para-dos-personas\/","title":{"rendered":"UNA ACTIVIDAD CULTURAL PARA DOS PERSONAS"},"content":{"rendered":"<p>\u00bfSab\u00edas que en el estanque del Retiro se realizaron simulacros de batallas navales? \u00bfY que el G\u00f2tic barcelon\u00e9s cuenta con algunos jardines secretos? Ellos s\u00ed, y quieren compartirlo. Los Bombones al punto de Curiosidad recorren las ciudades a trav\u00e9s de rutas y visitas guiadas llenas de curiosidades y datos hist\u00f3ricos. Por cierto, \u00bfen qu\u00e9 ciudad espa\u00f1ola est\u00e1 la fuente de los cuatro elementos?<\/p>\n<p>Los Bombones Atr\u00e1palo cambian cada semana. El cat\u00e1logo se va actualizando continuamente para ofrecerte nuestras mejores experiencias. Cuando canjees los Bombones, podr\u00e1s escoger entre las experiencias que est\u00e9n disponibles en ese momento.<\/p>\n","protected":false},"excerpt":{"rendered":"<p>\u00bfSab\u00edas que en el estanque del Retiro se realizaron simulacros de batallas navales? \u00bfY que el G\u00f2tic barcelon\u00e9s cuenta con algunos jardines secretos? Ellos s\u00ed, y quieren compartirlo. Los Bombones al punto de Curiosidad recorren las ciudades a trav\u00e9s de rutas y visitas guiadas llenas de curiosidades y datos hist\u00f3ricos. Por cierto, \u00bfen qu\u00e9 ciudad [&#8230;]\n","protected":false},"featured_media":1431,"template":"","meta":[],"product_brand":[],"product_cat":[79],"product_tag":[],"class_list":{"0":"post-1361","1":"product","2":"type-product","3":"status-publish","4":"has-post-thumbnail","6":"product_cat-actividades-y-familia","8":"first","9":"instock","10":"purchasable","11":"product-type-simple"},"_links":{"self":[{"href":"https:\/\/www.helios.es\/club\/wp-json\/wp\/v2\/product\/1361","targetHints":{"allow":["GET"]}}],"collection":[{"href":"https:\/\/www.helios.es\/club\/wp-json\/wp\/v2\/product"}],"about":[{"href":"https:\/\/www.helios.es\/club\/wp-json\/wp\/v2\/types\/product"}],"wp:featuredmedia":[{"embeddable":true,"href":"https:\/\/www.helios.es\/club\/wp-json\/wp\/v2\/media\/1431"}],"wp:attachment":[{"href":"https:\/\/www.helios.es\/club\/wp-json\/wp\/v2\/media?parent=1361"}],"wp:term":[{"taxonomy":"product_brand","embeddable":true,"href":"https:\/\/www.helios.es\/club\/wp-json\/wp\/v2\/product_brand?post=1361"},{"taxonomy":"product_cat","embeddable":true,"href":"https:\/\/www.helios.es\/club\/wp-json\/wp\/v2\/product_cat?post=1361"},{"taxonomy":"product_tag","embeddable":true,"href":"https:\/\/www.helios.es\/club\/wp-json\/wp\/v2\/product_tag?post=1361"}],"curies":[{"name":"wp","href":"https:\/\/api.w.org\/{rel}","templated":true}]}}