{"id":1365,"date":"2021-05-10T21:01:05","date_gmt":"2021-05-10T19:01:05","guid":{"rendered":"https:\/\/www.helios.es\/club\/?post_type=product&#038;p=1365"},"modified":"2021-05-14T12:55:00","modified_gmt":"2021-05-14T10:55:00","slug":"dos-entradas-para-teatro-o-danza","status":"publish","type":"product","link":"https:\/\/www.helios.es\/club\/regalos\/dos-entradas-para-teatro-o-danza\/","title":{"rendered":"DOS ENTRADAS PARA TEATRO O DANZA"},"content":{"rendered":"<p>Qui\u00e9n quiere degustar un dulce de pie cuando puede hacerlo acomodado en el mullido terciopelo de una butaca de teatro. Eso pensamos al crear los Bombones secretos de Bambalinas, una especialidad que sorprende al comensal cuando se levanta el tel\u00f3n. Lo hace con inspiradoras obras de teatro y un sinf\u00edn de artes esc\u00e9nicas: mon\u00f3logos, cabaret, danza, zarzuela, magia? P\u00f3nganse c\u00f3modos y, \u00a1que empiece la funci\u00f3n!<\/p>\n<p>Los Bombones Atr\u00e1palo cambian cada semana. El cat\u00e1logo se va actualizando continuamente para ofrecerte nuestras mejores experiencias. Cuando tu destinatario canjee los Bombones que le regales, podr\u00e1 escoger entre las experiencias que est\u00e9n disponibles en ese momento.<\/p>\n","protected":false},"excerpt":{"rendered":"<p>Qui\u00e9n quiere degustar un dulce de pie cuando puede hacerlo acomodado en el mullido terciopelo de una butaca de teatro. Eso pensamos al crear los Bombones secretos de Bambalinas, una especialidad que sorprende al comensal cuando se levanta el tel\u00f3n. Lo hace con inspiradoras obras de teatro y un sinf\u00edn de artes esc\u00e9nicas: mon\u00f3logos, cabaret, [&#8230;]\n","protected":false},"featured_media":1435,"template":"","meta":[],"product_brand":[],"product_cat":[79],"product_tag":[],"class_list":{"0":"post-1365","1":"product","2":"type-product","3":"status-publish","4":"has-post-thumbnail","6":"product_cat-actividades-y-familia","8":"first","9":"instock","10":"purchasable","11":"product-type-simple"},"_links":{"self":[{"href":"https:\/\/www.helios.es\/club\/wp-json\/wp\/v2\/product\/1365","targetHints":{"allow":["GET"]}}],"collection":[{"href":"https:\/\/www.helios.es\/club\/wp-json\/wp\/v2\/product"}],"about":[{"href":"https:\/\/www.helios.es\/club\/wp-json\/wp\/v2\/types\/product"}],"wp:featuredmedia":[{"embeddable":true,"href":"https:\/\/www.helios.es\/club\/wp-json\/wp\/v2\/media\/1435"}],"wp:attachment":[{"href":"https:\/\/www.helios.es\/club\/wp-json\/wp\/v2\/media?parent=1365"}],"wp:term":[{"taxonomy":"product_brand","embeddable":true,"href":"https:\/\/www.helios.es\/club\/wp-json\/wp\/v2\/product_brand?post=1365"},{"taxonomy":"product_cat","embeddable":true,"href":"https:\/\/www.helios.es\/club\/wp-json\/wp\/v2\/product_cat?post=1365"},{"taxonomy":"product_tag","embeddable":true,"href":"https:\/\/www.helios.es\/club\/wp-json\/wp\/v2\/product_tag?post=1365"}],"curies":[{"name":"wp","href":"https:\/\/api.w.org\/{rel}","templated":true}]}}