{"id":1366,"date":"2021-05-10T21:01:05","date_gmt":"2021-05-10T19:01:05","guid":{"rendered":"https:\/\/www.helios.es\/club\/?post_type=product&#038;p=1366"},"modified":"2021-05-12T20:56:28","modified_gmt":"2021-05-12T18:56:28","slug":"microwave-grill-xl-tu-grill-en-el-microondas","status":"publish","type":"product","link":"https:\/\/www.helios.es\/club\/regalos\/microwave-grill-xl-tu-grill-en-el-microondas\/","title":{"rendered":"MICROWAVE GRILL XL: TU GRILL EN EL MICROONDAS"},"content":{"rendered":"<p>La forma m\u00e1s f\u00e1cil de preparar alimentos al grill en casa, ahora en versi\u00f3n XL.<\/p>\n<p>Podr\u00e1s preparar de 3 a 4 raciones gracias a esta nueva versi\u00f3n m\u00e1s grande, que cuenta con un 60% m\u00e1s de superficie \u00fatil que el Microwave Grill original (1-2p).<\/p>\n<p>\u00a1Sencillo, r\u00e1pido y limpio con un resultado delicioso de parrilla! Podr\u00e1s cocinar de forma sana diferentes alimentos con efecto grill y conseguir un resultado crujiente. Cocina carnes, verduras, s\u00e1ndwiches, cocas, pizzas\u2026 a la velocidad del microondas, en solo unos minutos y manteniendo todo su sabor y calidad.<\/p>\n<p>Una cocci\u00f3n m\u00e1s sana:<br \/>\n&#8211; Evita la saturaci\u00f3n de grasas: no se superan los 240\u00baC en el proceso de cocci\u00f3n.<br \/>\n&#8211; Mantiene las propiedades del aceite y de los alimentos.<br \/>\n&#8211; Cocina con menos aceite.<\/p>\n<p>\u00a1Sin humo ni olores! F\u00e1cil limpieza, a mano y en el lavavajillas.<\/p>\n","protected":false},"excerpt":{"rendered":"<p>La forma m\u00e1s f\u00e1cil de preparar alimentos al grill en casa, ahora en versi\u00f3n XL. Podr\u00e1s preparar de 3 a 4 raciones gracias a esta nueva versi\u00f3n m\u00e1s grande, que cuenta con un 60% m\u00e1s de superficie \u00fatil que el Microwave Grill original (1-2p). \u00a1Sencillo, r\u00e1pido y limpio con un resultado delicioso de parrilla! Podr\u00e1s [&#8230;]\n","protected":false},"featured_media":1436,"template":"","meta":[],"product_brand":[],"product_cat":[80],"product_tag":[],"class_list":{"0":"post-1366","1":"product","2":"type-product","3":"status-publish","4":"has-post-thumbnail","6":"product_cat-cocina-y-menaje","8":"first","9":"instock","10":"purchasable","11":"product-type-simple"},"_links":{"self":[{"href":"https:\/\/www.helios.es\/club\/wp-json\/wp\/v2\/product\/1366","targetHints":{"allow":["GET"]}}],"collection":[{"href":"https:\/\/www.helios.es\/club\/wp-json\/wp\/v2\/product"}],"about":[{"href":"https:\/\/www.helios.es\/club\/wp-json\/wp\/v2\/types\/product"}],"wp:featuredmedia":[{"embeddable":true,"href":"https:\/\/www.helios.es\/club\/wp-json\/wp\/v2\/media\/1436"}],"wp:attachment":[{"href":"https:\/\/www.helios.es\/club\/wp-json\/wp\/v2\/media?parent=1366"}],"wp:term":[{"taxonomy":"product_brand","embeddable":true,"href":"https:\/\/www.helios.es\/club\/wp-json\/wp\/v2\/product_brand?post=1366"},{"taxonomy":"product_cat","embeddable":true,"href":"https:\/\/www.helios.es\/club\/wp-json\/wp\/v2\/product_cat?post=1366"},{"taxonomy":"product_tag","embeddable":true,"href":"https:\/\/www.helios.es\/club\/wp-json\/wp\/v2\/product_tag?post=1366"}],"curies":[{"name":"wp","href":"https:\/\/api.w.org\/{rel}","templated":true}]}}