{"id":1367,"date":"2021-05-10T21:01:05","date_gmt":"2021-05-10T19:01:05","guid":{"rendered":"https:\/\/www.helios.es\/club\/?post_type=product&#038;p=1367"},"modified":"2021-05-12T20:56:28","modified_gmt":"2021-05-12T18:56:28","slug":"patinete-globber-nino-nina-azul-luces-de-colores","status":"publish","type":"product","link":"https:\/\/www.helios.es\/club\/regalos\/patinete-globber-nino-nina-azul-luces-de-colores\/","title":{"rendered":"PATINETE GLOBBER NI\u00d1O NI\u00d1A AZUL LUCES DE COLORES"},"content":{"rendered":"<p>Concebido para aprender a montar en patinete, para ni\u00f1os a partir de 3 a\u00f1os y hasta un m\u00e1ximo de 50 kg.<\/p>\n<p>Nuevo concepto de plegado para un transporte m\u00e1s r\u00e1pido. \u00a1Y la misma diversi\u00f3n gracias a las ruedas que se iluminan en movimiento!<\/p>\n","protected":false},"excerpt":{"rendered":"<p>Concebido para aprender a montar en patinete, para ni\u00f1os a partir de 3 a\u00f1os y hasta un m\u00e1ximo de 50 kg. Nuevo concepto de plegado para un transporte m\u00e1s r\u00e1pido. \u00a1Y la misma diversi\u00f3n gracias a las ruedas que se iluminan en movimiento!<\/p>\n","protected":false},"featured_media":1437,"template":"","meta":[],"product_brand":[],"product_cat":[79],"product_tag":[],"class_list":{"0":"post-1367","1":"product","2":"type-product","3":"status-publish","4":"has-post-thumbnail","6":"product_cat-actividades-y-familia","8":"first","9":"instock","10":"purchasable","11":"product-type-simple"},"_links":{"self":[{"href":"https:\/\/www.helios.es\/club\/wp-json\/wp\/v2\/product\/1367","targetHints":{"allow":["GET"]}}],"collection":[{"href":"https:\/\/www.helios.es\/club\/wp-json\/wp\/v2\/product"}],"about":[{"href":"https:\/\/www.helios.es\/club\/wp-json\/wp\/v2\/types\/product"}],"wp:featuredmedia":[{"embeddable":true,"href":"https:\/\/www.helios.es\/club\/wp-json\/wp\/v2\/media\/1437"}],"wp:attachment":[{"href":"https:\/\/www.helios.es\/club\/wp-json\/wp\/v2\/media?parent=1367"}],"wp:term":[{"taxonomy":"product_brand","embeddable":true,"href":"https:\/\/www.helios.es\/club\/wp-json\/wp\/v2\/product_brand?post=1367"},{"taxonomy":"product_cat","embeddable":true,"href":"https:\/\/www.helios.es\/club\/wp-json\/wp\/v2\/product_cat?post=1367"},{"taxonomy":"product_tag","embeddable":true,"href":"https:\/\/www.helios.es\/club\/wp-json\/wp\/v2\/product_tag?post=1367"}],"curies":[{"name":"wp","href":"https:\/\/api.w.org\/{rel}","templated":true}]}}