{"id":1368,"date":"2021-05-10T21:01:05","date_gmt":"2021-05-10T19:01:05","guid":{"rendered":"https:\/\/www.helios.es\/club\/?post_type=product&#038;p=1368"},"modified":"2021-05-12T20:56:28","modified_gmt":"2021-05-12T18:56:28","slug":"parques-tematicos-y-mil-aventuras","status":"publish","type":"product","link":"https:\/\/www.helios.es\/club\/regalos\/parques-tematicos-y-mil-aventuras\/","title":{"rendered":"PARQUES TEM\u00c1TICOS Y MIL AVENTURAS"},"content":{"rendered":"<p>Para las ni\u00f1as y los ni\u00f1os m\u00e1s atrevidos.<\/p>\n<p>Caja Regalo de Actividades para Ni\u00f1os 3 &#8211; 16 a\u00f1os. Parques tem\u00e1ticos y mil aventuras.<\/p>\n<p>M\u00e1s de 1.100 parques y experiencias multitem\u00e1ticas: Aventura Ferrari, Parque Warner, Faunia, Terra M\u00edtica, Isla M\u00e1gica, Din\u00f3polis, Parque Cab\u00e1rceno y muchas m\u00e1s aventuras en toda Espa\u00f1a.<\/p>\n<p>V\u00e1lido de 1 a 4 personas.<\/p>\n<p>Si a tu hijo\/a le encantan las emociones fuertes, si nunca para quieto, si ya no sabes qu\u00e9 regalarle\u2026 \u00a1esta es sin duda su Kiddy\u2019s Box!<\/p>\n","protected":false},"excerpt":{"rendered":"<p>Para las ni\u00f1as y los ni\u00f1os m\u00e1s atrevidos. Caja Regalo de Actividades para Ni\u00f1os 3 &#8211; 16 a\u00f1os. Parques tem\u00e1ticos y mil aventuras. M\u00e1s de 1.100 parques y experiencias multitem\u00e1ticas: Aventura Ferrari, Parque Warner, Faunia, Terra M\u00edtica, Isla M\u00e1gica, Din\u00f3polis, Parque Cab\u00e1rceno y muchas m\u00e1s aventuras en toda Espa\u00f1a. V\u00e1lido de 1 a 4 personas. [&#8230;]\n","protected":false},"featured_media":1438,"template":"","meta":[],"product_brand":[],"product_cat":[79],"product_tag":[],"class_list":{"0":"post-1368","1":"product","2":"type-product","3":"status-publish","4":"has-post-thumbnail","6":"product_cat-actividades-y-familia","8":"first","9":"instock","10":"purchasable","11":"product-type-simple"},"_links":{"self":[{"href":"https:\/\/www.helios.es\/club\/wp-json\/wp\/v2\/product\/1368","targetHints":{"allow":["GET"]}}],"collection":[{"href":"https:\/\/www.helios.es\/club\/wp-json\/wp\/v2\/product"}],"about":[{"href":"https:\/\/www.helios.es\/club\/wp-json\/wp\/v2\/types\/product"}],"wp:featuredmedia":[{"embeddable":true,"href":"https:\/\/www.helios.es\/club\/wp-json\/wp\/v2\/media\/1438"}],"wp:attachment":[{"href":"https:\/\/www.helios.es\/club\/wp-json\/wp\/v2\/media?parent=1368"}],"wp:term":[{"taxonomy":"product_brand","embeddable":true,"href":"https:\/\/www.helios.es\/club\/wp-json\/wp\/v2\/product_brand?post=1368"},{"taxonomy":"product_cat","embeddable":true,"href":"https:\/\/www.helios.es\/club\/wp-json\/wp\/v2\/product_cat?post=1368"},{"taxonomy":"product_tag","embeddable":true,"href":"https:\/\/www.helios.es\/club\/wp-json\/wp\/v2\/product_tag?post=1368"}],"curies":[{"name":"wp","href":"https:\/\/api.w.org\/{rel}","templated":true}]}}