{"id":6068,"date":"2025-03-01T11:14:48","date_gmt":"2025-03-01T10:14:48","guid":{"rendered":"https:\/\/www.helios.es\/club\/?post_type=product&#038;p=6068"},"modified":"2025-03-01T13:37:57","modified_gmt":"2025-03-01T12:37:57","slug":"lekue-molde-reposteria-rectangular-silicona-platino-rojo-24-cm","status":"publish","type":"product","link":"https:\/\/www.helios.es\/club\/regalos\/lekue-molde-reposteria-rectangular-silicona-platino-rojo-24-cm\/","title":{"rendered":"L\u00c9KU\u00c9 MOLDE REPOSTER\u00cdA RECTANGULAR, SILICONA PLATINO ROJO, 24 CM"},"content":{"rendered":"<p>Apto parar usar en lavavajillas.<br \/>\nSilicona platino 100%, resiste 220 \u00baC.<br \/>\nFacil desmoldado por su flexibilidad y las propiedades antiadherentes de la silicona.<br \/>\nFacil limpieza por su antiadherencia.<br \/>\nContiene recetas en el interior.<\/p>\n","protected":false},"excerpt":{"rendered":"<p>Materiales de la m\u00e1s alta calidad para cumplir con las m\u00e1s estrictas normativas de contacto alimentario de pa\u00edses como Jap\u00f3n, Alemania y Suiza, apostando siempre por una alimentaci\u00f3n sana y sostenible y con presencia en m\u00e1s de 70 pa\u00edses de todo el mundo.<\/p>\n","protected":false},"featured_media":6090,"template":"","meta":[],"product_brand":[],"product_cat":[80],"product_tag":[],"class_list":{"0":"post-6068","1":"product","2":"type-product","3":"status-publish","4":"has-post-thumbnail","6":"product_cat-cocina-y-menaje","8":"first","9":"instock","10":"shipping-taxable","11":"purchasable","12":"product-type-simple"},"_links":{"self":[{"href":"https:\/\/www.helios.es\/club\/wp-json\/wp\/v2\/product\/6068","targetHints":{"allow":["GET"]}}],"collection":[{"href":"https:\/\/www.helios.es\/club\/wp-json\/wp\/v2\/product"}],"about":[{"href":"https:\/\/www.helios.es\/club\/wp-json\/wp\/v2\/types\/product"}],"wp:featuredmedia":[{"embeddable":true,"href":"https:\/\/www.helios.es\/club\/wp-json\/wp\/v2\/media\/6090"}],"wp:attachment":[{"href":"https:\/\/www.helios.es\/club\/wp-json\/wp\/v2\/media?parent=6068"}],"wp:term":[{"taxonomy":"product_brand","embeddable":true,"href":"https:\/\/www.helios.es\/club\/wp-json\/wp\/v2\/product_brand?post=6068"},{"taxonomy":"product_cat","embeddable":true,"href":"https:\/\/www.helios.es\/club\/wp-json\/wp\/v2\/product_cat?post=6068"},{"taxonomy":"product_tag","embeddable":true,"href":"https:\/\/www.helios.es\/club\/wp-json\/wp\/v2\/product_tag?post=6068"}],"curies":[{"name":"wp","href":"https:\/\/api.w.org\/{rel}","templated":true}]}}